d by 46.
44
Let t be (-2)/7 + (-675)/63. Let h = -1 - t. Let y = h + -1. Calculate the remainder when 25 is divided by y.
7
Let l = -42 + 60. Let i(q) = 2*q**3 - 2*q**2 + 2*q - 1. Suppose x + 12 = 2*z + 3*z, -z + 10 = -4*x. Calculate the remainder when l is divided by i(z).
7
Suppose 16*i - 22*i + 210 = 0. Let n = i - -63. What is the remainder when n is divided by 11?
10
Let p = 8 - -2. Suppose i - 35 = -5*k, -2*i + 4*i = -p. Let q = 15 - k. Calculate the remainder when 20 is divided by q.
6
Suppose -31 = -5*m + 4. Let h be (5/(-15))/(1/(-3))*32. Suppose h = 9*a - 13. Calculate the remainder when m is divided by a.
2
Let h(b) = 141*b**2 - b - 1. Let s = -127 - -163. What is the remainder when h(-1) is divided by s?
33
Suppose a + 5*p = 6*a - 20, 5*p - 16 = -4*a. Let w(m) = -2*m**3 + 10*m**2 - m - 5. Calculate the remainder when 114 is divided by w(a).
22
Suppose 4*p - 5*l = 325, -3*p + 76 + 174 = -5*l. Calculate the remainder when p is divided by 39.
36
Let p(c) = -c**2 - 16*c + 28. What is the remainder when 122 is divided by p(-14)?
10
Let q(l) = -l**3 + 19*l**2 + 23*l - 4. Suppose 5*k - 4*a - 92 = 0, -5*a + 48 = 4*k - 42. What is the remainder when q(k) is divided by 10?
6
Suppose 3 + 0 = -u, 2*u = m + 29. Let g = 54 + m. What is the remainder when g is divided by 12?
7
Suppose 0 = -3*g + 3*x + 42, 12 = -g - 3*x + 18. Calculate the remainder when 42 is divided by g.
6
Suppose 6*n - 3*n = 5*y - 141, 4*n = -3*y - 159. Let s = 50 + n. What is the remainder when s is divided by 2?
0
Let g = -94 + 66. Let b = 46 + g. Suppose 0 = -2*z - 12 + b. What is the remainder when 5 is divided by z?
2
Suppose -2 = -2*c + 4*j, 2*c - 1 = -j + 11. Suppose 0 = -5*z + 15, -3*a - 2*a + 100 = -c*z. What is the remainder when a is divided by 6?
5
Suppose 0 = 5*k + 2*b - 369, -k = -0*b + 2*b - 77. Let z = k - 31. Let u = -27 + z. Calculate the remainder when 72 is divided by u.
12
Let r(u) = 75 - u + u**2 - 4*u**3 + 7*u**3 - 76. Let p be r(-1). What is the remainder when 27 is divided by (p - -4)/((-4)/(-14))?
6
Let q = -5 - -17. Suppose 29 = -4*l + 5. Let n = 2 - l. Calculate the remainder when q is divided by n.
4
Let v = -10 + 12. Suppose 3*h - 155 = 3*i - 20, -5*i + 76 = v*h. Calculate the remainder when h is divided by 15.
13
Let t = 95 - 91. Suppose -t*j - 28 = -3*o + j, -4*o = j - 45. What is the remainder when 19 is divided by o?
8
Let g(c) = -4*c + 16. Let i be g(8). Calculate the remainder when 3 is divided by 35/21 + (i/6 - -2).
0
Suppose -19*r + 14*r + 30 = 0. Suppose -r*y = -8*y - 68. Let g = 46 + y. Calculate the remainder when 81 is divided by g.
9
Let z be (-5 - -1)*(-3 - 9/12). Calculate the remainder when 86 is divided by z + (3 - (-1 - -1)).
14
Let j(q) = q**2 - q - 35. Calculate the remainder when (-2 - -3) + 3*18 is divided by j(-6).
6
Suppose 5*h - 3*b - 91 - 464 = 0, 0 = -5*b - 25. Suppose -h + 23 = -5*z. Let d(s) = 8*s**2 + s + 2. What is the remainder when d(-2) is divided by z?
15
Let q = 21 + -6. What is the remainder when (6055/(-30))/(-7) + (-2)/(-12) is divided by q?
14
Suppose -c - g + 34 = -32, -4*c = g - 264. Calculate the remainder when c is divided by 30.
6
Let x be (-44)/(-3) + (-2)/(-6). Suppose 175 = 2*s - x. Calculate the remainder when s is divided by 24.
23
Suppose 4*u + 561 - 1589 = 0. Calculate the remainder when u is divided by 26.
23
Calculate the remainder when 46 is divided by (-4)/26 + 680/26.
20
Suppose -3*z = h - 66, -5*h = -h + 3*z - 273. Let l be (96/36)/(-4)*(-12)/2. Suppose -m = -l*m + h. Calculate the remainder when m is divided by 13.
10
Suppose 15*i + 75 = 20*i. Suppose -g + 8 = -i. What is the remainder when g is divided by 13?
10
Suppose 45*w = 47*w - 10. Let f(o) = -2*o - 5. Let k be f(-6). Suppose 0 = -j - 3 + k, 2*p + 2*j - 44 = 0. Calculate the remainder when p is divided by w.
3
Let g(z) = 35*z. Let q = -4 + 4. Suppose 4*n - 4 = -q. What is the remainder when g(n) is divided by 9?
8
Let f(c) = c**3 - 25*c**2 - 30*c + 135. What is the remainder when 455 is divided by f(26)?
21
Suppose 2*q + 3*f = 324, 6 = -4*f - 10. Calculate the remainder when q is divided by 55.
3
What is the remainder when (0 + 36/10)/((-96)/(-240)) is divided by 3?
0
Let u(m) = -m**2 + 6*m + 8. Let g be u(6). Suppose 4*i - 4*n - 811 - 425 = 0, -3*n + 1257 = 4*i. What is the remainder when ((-6)/g)/((-13)/i) is divided by 7?
4
Suppose 4*a - 5*i - 101 = 0, -5*a + 142 = -0*a - i. Let o = 42 - 24. Suppose f + 7 - o = 0. What is the remainder when a is divided by f?
7
Let j(m) = -25*m**3 - m - 1. Suppose -2*d - 12 = 0, -8*b - 4*d = -4*b - 172. What is the remainder when b is divided by j(-1)?
24
Suppose -4*w = -31 + 15. Suppose -3*j + 3*l + 114 = 0, 2*j - w*l = -25 + 109. Calculate the remainder when 133 is divided by j.
31
Suppose 5*r - 4 = -2*z, 10 = 5*z - 2*r + 5*r. Let m(x) = 4*x**3 + x**2 + 1. What is the remainder when m(z) is divided by 10?
7
Let h(m) = 2*m**2 + 5*m + 2. Let r = -103 - -105. What is the remainder when 58 is divided by h(r)?
18
Let c = 29 + -31. What is the remainder when 29 is divided by (-1 - 3/c)*16?
5
Let n = 27 + -1. Let k be 1 + (-122*2 - -4). Let s = -136 - k. Calculate the remainder when s is divided by n.
25
Suppose c + 4*c - 30 = 0. Let x(r) = 4*r**2 - 65*r - 22. What is the remainder when x(17) is divided by c?
5
Let n = 331 - 300. What is the remainder when 87 is divided by n?
25
Suppose -2*g + 26 - 518 = 3*a, 0 = -2*a + g - 321. What is the remainder when (-9432)/a - (-2)/(-9) is divided by 15?
13
Let v = 21 + 43. Let g(m) = m**3 - 9*m**2 + 13. What is the remainder when v is divided by g(9)?
12
Let c be 67/(-3) + (-2)/3. Let p be 89/(-979) + 174/(-22). What is the remainder when 27 is divided by c/(-3) - p/(-12)?
6
What is the remainder when 142 is divided by (-22)/(-143) - 310/(-13)?
22
Let h = -36 + 36. Suppose h = 2*v + 4, -254 = -4*q + 2*v + 178. What is the remainder when q is divided by 22?
19
Let y(d) = d**3 + 5*d**2 - 4*d + 4. Let z be y(-6). Calculate the remainder when 35 is divided by (-15)/60 + (-98)/z.
11
Suppose 38 = w - 9. Calculate the remainder when 163 is divided by w.
22
Suppose 2*z = 3*z - 138. Let t = 143 - z. Calculate the remainder when 18 is divided by t.
3
Let x(w) = 8*w**3 - 2*w**2 - 16*w - 10. Calculate the remainder when x(5) is divided by 72.
68
Suppose 5*p = 2*p + 30. Suppose -15*g + p*g + 285 = 0. Suppose 2*f + 38 = 5*q - 30, -4*f - 4 = q. What is the remainder when g is divided by q?
9
Suppose 4*y - 3*y - 15 = 0. Calculate the remainder when y is divided by (-1 - -3) + -5 + 7.
3
What is the remainder when ((-27)/(-15))/(11/605) is divided by 27?
18
Let m = -11 - -18. Calculate the remainder when 24 is divided by m.
3
Suppose 80 = -7*y + 3*y + 3*f, 2*y + 3*f = -40. Let v(u) = -u**2 - 20*u + 18. What is the remainder when v(y) is divided by 5?
3
Suppose 9*n - 325 = -73. What is the remainder when 109 is divided by n?
25
Suppose 8 = 2*a + 2*a. Suppose -a*r = -5*r. Suppose q - 6*q = -4*z + 26, -4*z + 2*q + 20 = r. Calculate the remainder when 15 is divided by z.
3
Let v(m) = -3*m + 745. Calculate the remainder when v(3) is divided by 67.
66
Suppose -3297 + 425 = -8*g. Calculate the remainder when g is divided by 12.
11
Suppose 5*x + 93 = j, -5*j = -4*x - 290 - 70. Let a = -219 - -242. Calculate the remainder when j is divided by a.
22
Suppose -1 - 3 = -x + 2*d, 4*x + 29 = -d. Let f(b) = -b**3 - 8*b**2 - 13*b + 2. What is the remainder when (19/4)/(3/24) is divided by f(x)?
6
Suppose 0 = -a + 30 - 11. Let p = 24 - 13. Calculate the remainder when a is divided by p.
8
Suppose -3*k + 71 = -67. Let j(t) = 25*t - 67. Calculate the remainder when k is divided by j(3).
6
Let d(k) = -33*k - 168. Calculate the remainder when 598 is divided by d(-6).
28
Let t(w) = -12*w**2 + 2*w - 1. Let h be t(1). Suppose 2*s - 3*s = -7. What is the remainder when (h/2)/((-6)/12) is divided by s?
4
Suppose 2*v + 3*f = 15, 0*v - 11 = -v - 5*f. Calculate the remainder when (-114)/399 - (324/(-7) + -1) is divided by v.
5
Let o = -141 - -147. Suppose 0 = j - 2*g - 36, -8*j + 96 = -o*j + 4*g. Calculate the remainder when 81 is divided by j.
39
Let p(c) = -58*c - 806. Let n = -3 - -11. What is the remainder when n is divided by p(-14)?
2
Suppose 0 = -22*p + 19*p. Suppose p = 4*g - 12, u + 2*g - 68 =